433
What are the prime factors of 658674?
2, 3, 23, 37, 43
List the prime factors of 2680991.
2680991
List the prime factors of 409581.
3, 17, 2677
What are the prime factors of 1888590?
2, 3, 5, 11, 59, 97
What are the prime factors of 21772040?
2, 5, 29, 137
List the prime factors of 11130249.
3, 13, 43, 6637
What are the prime factors of 10763620?
2, 5, 7, 76883
What are the prime factors of 4556146?
2, 7, 325439
What are the prime factors of 583438?
2, 127, 2297
What are the prime factors of 18474068?
2, 541, 8537
List the prime factors of 404732.
2, 101183
What are the prime factors of 3200934?
2, 3, 11, 4409
What are the prime factors of 1120462?
2, 7, 163, 491
List the prime factors of 1863196.
2, 465799
What are the prime factors of 329264?
2, 13, 1583
What are the prime factors of 2042625?
3, 5, 13, 419
List the prime factors of 53151.
3, 7, 2531
List the prime factors of 133219.
101, 1319
List the prime factors of 24468406.
2, 17, 719659
What are the prime factors of 17046462?
2, 3, 79, 35963
List the prime factors of 6853060.
2, 5, 342653
List the prime factors of 785339.
79, 9941
List the prime factors of 1726121.
67, 25763
What are the prime factors of 23074529?
23074529
What are the prime factors of 111556?
2, 167
List the prime factors of 1981402.
2, 61, 109, 149
What are the prime factors of 7677725?
5, 11, 27919
What are the prime factors of 475363?
7, 59, 1151
List the prime factors of 242895.
3, 5, 16193
What are the prime factors of 2019627?
3, 131, 571
What are the prime factors of 302661?
3, 33629
What are the prime factors of 949509?
3, 11, 23, 139
List the prime factors of 47179.
11, 4289
What are the prime factors of 124041?
3, 173, 239
List the prime factors of 9443451.
3, 421, 7477
What are the prime factors of 321585?
3, 5, 11, 1949
List the prime factors of 15302405.
5, 3060481
What are the prime factors of 1243242?
2, 3, 7, 11, 13, 23
List the prime factors of 2817211.
2817211
What are the prime factors of 14077721?
7, 79, 25457
What are the prime factors of 227197?
67, 3391
What are the prime factors of 435791?
263, 1657
What are the prime factors of 22296?
2, 3, 929
What are the prime factors of 28737658?
2, 14368829
List the prime factors of 453741.
3, 151247
List the prime factors of 1446333.
3, 7, 9839
List the prime factors of 109468.
2, 27367
What are the prime factors of 27393184?
2, 7, 13, 23, 409
List the prime factors of 1140102.
2, 3, 43, 491
What are the prime factors of 533392?
2, 17, 37, 53
List the prime factors of 8887463.
13, 683651
What are the prime factors of 3131640?
2, 3, 5, 8699
List the prime factors of 577040.
2, 5, 7213
List the prime factors of 227277.
3, 25253
List the prime factors of 1101457.
7, 157351
List the prime factors of 401379.
3, 11, 12163
List the prime factors of 3061047.
3, 11, 23, 37, 109
List the prime factors of 5922853.
5922853
What are the prime factors of 2602262?
2, 13, 7699
List the prime factors of 5219177.
41, 127297
What are the prime factors of 9715070?
2, 5, 439, 2213
List the prime factors of 977427.
3, 11, 1097
What are the prime factors of 32659688?
2, 223, 18307
What are the prime factors of 758238?
2, 3, 13, 9721
List the prime factors of 424301.
101, 4201
What are the prime factors of 8504541?
3, 314983
What are the prime factors of 1418440?
2, 5, 35461
What are the prime factors of 28188461?
7, 1069, 3767
What are the prime factors of 17035513?
11, 17, 91099
List the prime factors of 2543990.
2, 5, 67, 3797
List the prime factors of 517846.
2, 7, 47, 787
What are the prime factors of 225498?
2, 3, 7, 13, 59
What are the prime factors of 5643542?
2, 2821771
List the prime factors of 1171987.
277, 4231
List the prime factors of 1942791.
3, 313, 2069
List the prime factors of 2437121.
2437121
List the prime factors of 12550511.
37, 163, 2081
What are the prime factors of 3581560?
2, 5, 17, 23, 229
List the prime factors of 4422638.
2, 11, 53, 3793
List the prime factors of 263228.
2, 7, 17, 79
What are the prime factors of 371362?
2, 185681
List the prime factors of 8988685.
5, 109, 16493
List the prime factors of 835415.
5, 7, 23869
List the prime factors of 6579384.
2, 3, 7, 39163
What are the prime factors of 1498048?
2, 89, 263
What are the prime factors of 2132767?
7, 13, 23, 1019
List the prime factors of 9530360.
2, 5, 7, 101, 337
List the prime factors of 22055355.
3, 5, 7, 23339
List the prime factors of 10324942.
2, 19, 167, 1627
List the prime factors of 774969.
3, 13, 31, 641
List the prime factors of 384424.
2, 29, 1657
What are the prime factors of 1112596?
2, 278149
What are the prime factors of 2605963?
331, 7873
What are the prime factors of 210173?
210173
List the prime factors of 1061947.
71, 14957
List the prime factors of 312989.
312989
What are the prime factors of 456509?
307, 1487
What are the prime factors of 115777?
115777
What are the prime factors of 3458395?
5, 17, 23, 29, 61
What are the prime factors of 1964016?
2, 3, 23, 593
List the prime factors of 2545899.
3, 848633
List the prime factors of 34930.
2, 5, 7, 499
What are the prime factors of 1079649?
3, 1481
What are the prime factors of 5160784?
2, 322549
List the prime factors of 33938647.
17, 1996391
What are the prime factors of 1066909?
1066909
List the prime factors of 8999223.
3, 929, 3229
What are the prime factors of 223107?
3, 31, 2399
List the prime factors of 710287.
577, 1231
What are the prime factors of 1604293?
1604293
What are the prime factors of 4309286?
2, 2154643
List the prime factors of 3731891.
17, 219523
List the prime factors of 1221619.
7, 107, 233
What are the prime factors of 556200?
2, 3, 5, 103
List the prime factors of 22891013.
3449, 6637
What are the prime factors of 347470?
2, 5, 34747
List the prime factors of 582288.
2, 3, 7, 1733
What are the prime factors of 2768690?
2, 5, 276869
List the prime factors of 8475355.
5, 7, 103, 2351
What are the prime factors of 372792?
2, 3, 7, 317
List the prime factors of 255003.
3, 7, 12143
List the prime factors of 705523.
7, 13, 7753
What are the prime factors of 7402828?
2, 53, 34919
List the prime factors of 127876.
2, 7, 4567
List the prime factors of 7210042.
2, 7, 31, 37, 449
What are the prime factors of 228025?
5, 7, 1303
List the prime factors of 1384853.
19, 23, 3169
What are the prime factors of 1643735?
5, 547, 601
What are the prime factors of 1188945?
3, 5, 8807
List the prime factors of 986706.
2, 3, 7, 41, 191
List the prime factors of 16891999.
17, 993647
What are the prime factors of 650008?
2, 31, 2621
What are the prime factors of 1783176?
2, 3, 191, 389
What are the prime factors of 574084?
2, 7, 29, 101
What are the prime factors of 1583376?
2, 3, 32987
List the prime factors of 12039666.
2, 3, 2006611
What are the prime factors of 3152018?
2, 31, 50839
What are the prime factors of 27717259?
17, 1630427
What are the prime factors of 2636097?
3, 878699
List the prime factors of 6474.
2, 3, 13, 83
List the prime factors of 7548454.
2, 3774227
List the prime factors of 327467.
7, 41, 163
What are the prime factors of 1006325?
5, 40253
What are the prime factors of 30827?
29, 1063
What are the prime factors of 836165?
5, 11, 23, 661
List the prime factors of 7026096.
2, 3, 7, 11, 1901
List the prime factors of 14805648.
2, 3, 11, 13, 719
What are the prime factors of 232438?
2, 23, 31, 163
List the prime factors of 342912.
2, 3, 19, 47
What are the prime factors of 108418?
2, 151, 359
What are the prime factors of 11550886?
2, 5775443
What are the prime factors of 2661099?
3, 7, 126719
List the prime factors of 388878.
2, 3, 7, 47, 197
What are the prime factors of 286901?
281, 1021
What are the prime factors of 270824?
2, 97, 349
List the prime factors of 24663499.
7, 3523357
List the prime factors of 1690207.
29, 167, 349
List the prime factors of 5694992.
2, 355937
List the prime factors of 11608750.
2, 5, 37, 251
List the prime factors of 413516.
2, 19, 5441
What are the prime factors of 258490?
2, 5, 25849
What are the prime factors of 112522?
2, 127, 443
What are the prime factors of 340464?
2, 3, 41, 173
What are the prime factors of 691942?
2, 19, 131, 139
List the prime factors of 3529766.
2, 139, 12697
List the prime factors of 247420.
2, 5, 89, 139
List the prime 